[INFO] fetching crate condition_variable 0.1.5...
[INFO] checking condition_variable-0.1.5 against master#9610dfe5a9a731ced1ea4923ecbd0c57fe367898 for beta-170-4
[INFO] extracting crate condition_variable 0.1.5 into /workspace/builds/worker-2-tc1/source
[INFO] validating manifest of crates.io crate condition_variable 0.1.5 on toolchain 9610dfe5a9a731ced1ea4923ecbd0c57fe367898
[INFO] running `Command { std: CARGO_HOME="/workspace/cargo-home" RUSTUP_HOME="/workspace/rustup-home" "/workspace/cargo-home/bin/cargo" "+9610dfe5a9a731ced1ea4923ecbd0c57fe367898" "metadata" "--manifest-path" "Cargo.toml" "--no-deps", kill_on_drop: false }`
[INFO] started tweaking crates.io crate condition_variable 0.1.5
[INFO] finished tweaking crates.io crate condition_variable 0.1.5
[INFO] tweaked toml for crates.io crate condition_variable 0.1.5 written to /workspace/builds/worker-2-tc1/source/Cargo.toml
[INFO] running `Command { std: CARGO_HOME="/workspace/cargo-home" RUSTUP_HOME="/workspace/rustup-home" __CARGO_TEST_CHANNEL_OVERRIDE_DO_NOT_USE_THIS="nightly" "/workspace/cargo-home/bin/cargo" "+9610dfe5a9a731ced1ea4923ecbd0c57fe367898" "generate-lockfile" "--manifest-path" "Cargo.toml" "-Zno-index-update", kill_on_drop: false }`
[INFO] running `Command { std: CARGO_HOME="/workspace/cargo-home" RUSTUP_HOME="/workspace/rustup-home" "/workspace/cargo-home/bin/cargo" "+9610dfe5a9a731ced1ea4923ecbd0c57fe367898" "fetch" "--manifest-path" "Cargo.toml", kill_on_drop: false }`
[INFO] running `Command { std: "docker" "create" "-v" "/var/lib/crater-agent-workspace/builds/worker-2-tc1/target:/opt/rustwide/target:rw,Z" "-v" "/var/lib/crater-agent-workspace/builds/worker-2-tc1/source:/opt/rustwide/workdir:ro,Z" "-v" "/var/lib/crater-agent-workspace/cargo-home:/opt/rustwide/cargo-home:ro,Z" "-v" "/var/lib/crater-agent-workspace/rustup-home:/opt/rustwide/rustup-home:ro,Z" "-e" "SOURCE_DIR=/opt/rustwide/workdir" "-e" "CARGO_TARGET_DIR=/opt/rustwide/target" "-e" "CARGO_HOME=/opt/rustwide/cargo-home" "-e" "RUSTUP_HOME=/opt/rustwide/rustup-home" "-w" "/opt/rustwide/workdir" "-m" "1610612736" "--user" "0:0" "--network" "none" "ghcr.io/rust-lang/crates-build-env/linux@sha256:19e73879b68f455e41552ea35293514db52ea292d993f571636dbffedb77a1ee" "/opt/rustwide/cargo-home/bin/cargo" "+9610dfe5a9a731ced1ea4923ecbd0c57fe367898" "metadata" "--no-deps" "--format-version=1", kill_on_drop: false }`
[INFO] [stdout] 91314930ea2713ea4a16cb3f2aeece143ac34f6d30faa6127f985da578bf7732
[INFO] running `Command { std: "docker" "start" "-a" "91314930ea2713ea4a16cb3f2aeece143ac34f6d30faa6127f985da578bf7732", kill_on_drop: false }`
[INFO] running `Command { std: "docker" "inspect" "91314930ea2713ea4a16cb3f2aeece143ac34f6d30faa6127f985da578bf7732", kill_on_drop: false }`
[INFO] running `Command { std: "docker" "rm" "-f" "91314930ea2713ea4a16cb3f2aeece143ac34f6d30faa6127f985da578bf7732", kill_on_drop: false }`
[INFO] [stdout] 91314930ea2713ea4a16cb3f2aeece143ac34f6d30faa6127f985da578bf7732
[INFO] running `Command { std: "docker" "create" "-v" "/var/lib/crater-agent-workspace/builds/worker-2-tc1/target:/opt/rustwide/target:rw,Z" "-v" "/var/lib/crater-agent-workspace/builds/worker-2-tc1/source:/opt/rustwide/workdir:ro,Z" "-v" "/var/lib/crater-agent-workspace/cargo-home:/opt/rustwide/cargo-home:ro,Z" "-v" "/var/lib/crater-agent-workspace/rustup-home:/opt/rustwide/rustup-home:ro,Z" "-e" "SOURCE_DIR=/opt/rustwide/workdir" "-e" "CARGO_TARGET_DIR=/opt/rustwide/target" "-e" "CARGO_INCREMENTAL=0" "-e" "RUST_BACKTRACE=full" "-e" "RUSTFLAGS=--cap-lints=forbid" "-e" "RUSTDOCFLAGS=--cap-lints=forbid" "-e" "CARGO_HOME=/opt/rustwide/cargo-home" "-e" "RUSTUP_HOME=/opt/rustwide/rustup-home" "-w" "/opt/rustwide/workdir" "-m" "1610612736" "--user" "0:0" "--network" "none" "ghcr.io/rust-lang/crates-build-env/linux@sha256:19e73879b68f455e41552ea35293514db52ea292d993f571636dbffedb77a1ee" "/opt/rustwide/cargo-home/bin/cargo" "+9610dfe5a9a731ced1ea4923ecbd0c57fe367898" "check" "--frozen" "--all" "--all-targets" "--message-format=json", kill_on_drop: false }`
[INFO] [stdout] b6d835448ad5fcec7a78c343f0a2c6efce82a6ca8273da3814be47e0ecc5eac9
[INFO] running `Command { std: "docker" "start" "-a" "b6d835448ad5fcec7a78c343f0a2c6efce82a6ca8273da3814be47e0ecc5eac9", kill_on_drop: false }`
[INFO] [stderr]     Checking time v0.3.21
[INFO] [stderr]     Checking condition_variable v0.1.5 (/opt/rustwide/workdir)
[INFO] [stdout] error[E0425]: cannot find function `precise_time_ns` in crate `time`
[INFO] [stdout]    --> src/lib.rs:101:26
[INFO] [stdout]     |
[INFO] [stdout] 101 |             let before_ms = time::precise_time_ns()/1000;
[INFO] [stdout]     |                                   ^^^^^^^^^^^^^^^ not found in `time`
[INFO] [stdout] 
[INFO] [stdout] 
[INFO] [stdout] error[E0425]: cannot find function `precise_time_ns` in crate `time`
[INFO] [stdout]    --> src/lib.rs:106:25
[INFO] [stdout]     |
[INFO] [stdout] 106 |             let after_ms = time::precise_time_ns()/1000;
[INFO] [stdout]     |                                  ^^^^^^^^^^^^^^^ not found in `time`
[INFO] [stdout] 
[INFO] [stdout] 
[INFO] [stdout] warning: use of deprecated macro `try`: use the `?` operator instead
[INFO] [stdout]   --> src/lib.rs:47:14
[INFO] [stdout]    |
[INFO] [stdout] 47 |         let data = try!(lock.lock());
[INFO] [stdout]    |                    ^^^
[INFO] [stdout]    |
[INFO] [stdout]    = note: `#[warn(deprecated)]` on by default
[INFO] [stdout] 
[INFO] [stdout] 
[INFO] [stdout] warning: use of deprecated macro `try`: use the `?` operator instead
[INFO] [stdout]   --> src/lib.rs:61:19
[INFO] [stdout]    |
[INFO] [stdout] 61 |         let old_value = try!(self.get());
[INFO] [stdout]    |                         ^^^
[INFO] [stdout] 
[INFO] [stdout] 
[INFO] [stdout] warning: use of deprecated macro `try`: use the `?` operator instead
[INFO] [stdout]   --> src/lib.rs:67:20
[INFO] [stdout]    |
[INFO] [stdout] 67 |         let mut actual = try!(lock.lock());
[INFO] [stdout]    |                          ^^^
[INFO] [stdout] 
[INFO] [stdout] 
[INFO] [stdout] warning: use of deprecated macro `try`: use the `?` operator instead
[INFO] [stdout]   --> src/lib.rs:70:13
[INFO] [stdout]    |
[INFO] [stdout] 70 |             actual = try!(cvar.wait(actual));
[INFO] [stdout]    |                      ^^^
[INFO] [stdout] 
[INFO] [stdout] 
[INFO] [stdout] warning: use of deprecated macro `try`: use the `?` operator instead
[INFO] [stdout]    --> src/lib.rs:103:19
[INFO] [stdout]     |
[INFO] [stdout] 103 |             let (new, _) = try!(cvar.wait_timeout_ms(actual, remaining_ms as u32));
[INFO] [stdout]     |                            ^^^
[INFO] [stdout] 
[INFO] [stdout] 
[INFO] [stdout] error[E0425]: cannot find function `precise_time_ns` in crate `time`
[INFO] [stdout]    --> src/lib.rs:101:26
[INFO] [stdout]     |
[INFO] [stdout] 101 |             let before_ms = time::precise_time_ns()/1000;
[INFO] [stdout]     |                                   ^^^^^^^^^^^^^^^ not found in `time`
[INFO] [stdout] 
[INFO] [stdout] 
[INFO] [stdout] error[E0425]: cannot find function `precise_time_ns` in crate `time`
[INFO] [stdout]    --> src/lib.rs:106:25
[INFO] [stdout]     |
[INFO] [stdout] 106 |             let after_ms = time::precise_time_ns()/1000;
[INFO] [stdout]     |                                  ^^^^^^^^^^^^^^^ not found in `time`
[INFO] [stdout] 
[INFO] [stdout] 
[INFO] [stdout] warning: use of deprecated macro `try`: use the `?` operator instead
[INFO] [stdout]   --> src/lib.rs:47:14
[INFO] [stdout]    |
[INFO] [stdout] 47 |         let data = try!(lock.lock());
[INFO] [stdout]    |                    ^^^
[INFO] [stdout]    |
[INFO] [stdout]    = note: `#[warn(deprecated)]` on by default
[INFO] [stdout] 
[INFO] [stdout] 
[INFO] [stdout] warning: use of deprecated macro `try`: use the `?` operator instead
[INFO] [stdout]   --> src/lib.rs:61:19
[INFO] [stdout]    |
[INFO] [stdout] 61 |         let old_value = try!(self.get());
[INFO] [stdout]    |                         ^^^
[INFO] [stdout] 
[INFO] [stdout] 
[INFO] [stdout] warning: use of deprecated macro `try`: use the `?` operator instead
[INFO] [stdout]   --> src/lib.rs:67:20
[INFO] [stdout]    |
[INFO] [stdout] 67 |         let mut actual = try!(lock.lock());
[INFO] [stdout]    |                          ^^^
[INFO] [stdout] 
[INFO] [stdout] 
[INFO] [stdout] warning: use of deprecated macro `try`: use the `?` operator instead
[INFO] [stdout]   --> src/lib.rs:70:13
[INFO] [stdout]    |
[INFO] [stdout] 70 |             actual = try!(cvar.wait(actual));
[INFO] [stdout]    |                      ^^^
[INFO] [stdout] 
[INFO] [stdout] 
[INFO] [stdout] warning: use of deprecated macro `try`: use the `?` operator instead
[INFO] [stdout]    --> src/lib.rs:103:19
[INFO] [stdout]     |
[INFO] [stdout] 103 |             let (new, _) = try!(cvar.wait_timeout_ms(actual, remaining_ms as u32));
[INFO] [stdout]     |                            ^^^
[INFO] [stdout] 
[INFO] [stdout] 
[INFO] [stdout] warning: use of deprecated function `std::thread::sleep_ms`: replaced by `std::thread::sleep`
[INFO] [stdout]    --> src/lib.rs:147:20
[INFO] [stdout]     |
[INFO] [stdout] 147 |     use std::thread::{sleep_ms, spawn};
[INFO] [stdout]     |                       ^^^^^^^^
[INFO] [stdout] 
[INFO] [stdout] 
[INFO] [stdout] warning: use of deprecated function `std::thread::sleep_ms`: replaced by `std::thread::sleep`
[INFO] [stdout]    --> src/lib.rs:170:4
[INFO] [stdout]     |
[INFO] [stdout] 170 |             sleep_ms(500);
[INFO] [stdout]     |             ^^^^^^^^
[INFO] [stdout] 
[INFO] [stdout] 
[INFO] [stdout] warning: use of deprecated function `std::thread::sleep_ms`: replaced by `std::thread::sleep`
[INFO] [stdout]    --> src/lib.rs:183:4
[INFO] [stdout]     |
[INFO] [stdout] 183 |             sleep_ms(1000);
[INFO] [stdout]     |             ^^^^^^^^
[INFO] [stdout] 
[INFO] [stdout] 
[INFO] [stdout] warning: use of deprecated function `std::thread::sleep_ms`: replaced by `std::thread::sleep`
[INFO] [stdout]    --> src/lib.rs:196:4
[INFO] [stdout]     |
[INFO] [stdout] 196 |             sleep_ms(500);
[INFO] [stdout]     |             ^^^^^^^^
[INFO] [stdout] 
[INFO] [stdout] 
[INFO] [stdout] warning: use of deprecated method `std::sync::Condvar::wait_timeout_ms`: replaced by `std::sync::Condvar::wait_timeout`
[INFO] [stdout]    --> src/lib.rs:103:29
[INFO] [stdout]     |
[INFO] [stdout] 103 |             let (new, _) = try!(cvar.wait_timeout_ms(actual, remaining_ms as u32));
[INFO] [stdout]     |                                      ^^^^^^^^^^^^^^^
[INFO] [stdout] 
[INFO] [stdout] 
[INFO] [stdout] warning: use of deprecated method `std::sync::Condvar::wait_timeout_ms`: replaced by `std::sync::Condvar::wait_timeout`
[INFO] [stdout]    --> src/lib.rs:103:29
[INFO] [stdout]     |
[INFO] [stdout] 103 |             let (new, _) = try!(cvar.wait_timeout_ms(actual, remaining_ms as u32));
[INFO] [stdout]     |                                      ^^^^^^^^^^^^^^^
[INFO] [stdout] 
[INFO] [stdout] 
[INFO] [stdout] warning: use of deprecated method `std::sync::Condvar::wait_timeout_ms`: replaced by `std::sync::Condvar::wait_timeout`
[INFO] [stdout]    --> src/lib.rs:140:8
[INFO] [stdout]     |
[INFO] [stdout] 140 |         cvar.wait_timeout_ms(guard, timeout_ms)
[INFO] [stdout]     |              ^^^^^^^^^^^^^^^
[INFO] [stdout] 
[INFO] [stdout] 
[INFO] [stdout] warning: use of deprecated method `std::sync::Condvar::wait_timeout_ms`: replaced by `std::sync::Condvar::wait_timeout`
[INFO] [stdout]    --> src/lib.rs:140:8
[INFO] [stdout]     |
[INFO] [stdout] 140 |         cvar.wait_timeout_ms(guard, timeout_ms)
[INFO] [stdout]     |              ^^^^^^^^^^^^^^^
[INFO] [stdout] 
[INFO] [stdout] 
[INFO] [stdout] error: aborting due to 2 previous errors; 7 warnings emitted
[INFO] [stdout] 
[INFO] [stdout] 
[INFO] [stdout] For more information about this error, try `rustc --explain E0425`.
[INFO] [stdout] 
[INFO] [stdout] error: aborting due to 2 previous errors; 11 warnings emitted
[INFO] [stdout] 
[INFO] [stdout] 
[INFO] [stdout] For more information about this error, try `rustc --explain E0425`.
[INFO] [stdout] 
[INFO] [stderr] error: could not compile `condition_variable` (lib) due to 3 previous errors; 7 warnings emitted
[INFO] [stderr] warning: build failed, waiting for other jobs to finish...
[INFO] [stderr] error: could not compile `condition_variable` (lib test) due to 3 previous errors; 11 warnings emitted
[INFO] running `Command { std: "docker" "inspect" "b6d835448ad5fcec7a78c343f0a2c6efce82a6ca8273da3814be47e0ecc5eac9", kill_on_drop: false }`
[INFO] running `Command { std: "docker" "rm" "-f" "b6d835448ad5fcec7a78c343f0a2c6efce82a6ca8273da3814be47e0ecc5eac9", kill_on_drop: false }`
[INFO] [stdout] b6d835448ad5fcec7a78c343f0a2c6efce82a6ca8273da3814be47e0ecc5eac9
